{"id":1779,"date":"2025-08-15T09:20:36","date_gmt":"2025-08-15T09:20:36","guid":{"rendered":"https:\/\/www.who-we-are.org\/?page_id=1779"},"modified":"2026-03-04T14:04:18","modified_gmt":"2026-03-04T13:04:18","slug":"om-projektet","status":"publish","type":"page","link":"https:\/\/www.who-we-are.org\/da\/ueber-das-projekt\/","title":{"rendered":"Om projektet"},"content":{"rendered":"<div data-elementor-type=\"wp-page\" data-elementor-id=\"1779\" class=\"elementor elementor-1779\">\n\t\t\t\t<div class=\"elementor-element elementor-element-d82ce93 e-flex e-con-boxed e-con e-parent\" data-id=\"d82ce93\" data-element_type=\"container\" data-e-type=\"container\">\n\t\t\t\t\t<div class=\"e-con-inner\">\n\t\t\t\t<div class=\"elementor-element elementor-element-5ecc1e6 elementor-widget elementor-widget-heading\" data-id=\"5ecc1e6\" data-element_type=\"widget\" data-e-type=\"widget\" data-widget_type=\"heading.default\">\n\t\t\t\t<div class=\"elementor-widget-container\">\n\t\t\t\t\t<h2 class=\"elementor-heading-title elementor-size-default\">Om projektet<\/h2>\t\t\t\t<\/div>\n\t\t\t\t<\/div>\n\t\t\t\t<div class=\"elementor-element elementor-element-200b0bd elementor-widget elementor-widget-text-editor\" data-id=\"200b0bd\" data-element_type=\"widget\" data-e-type=\"widget\" data-widget_type=\"text-editor.default\">\n\t\t\t\t<div class=\"elementor-widget-container\">\n\t\t\t\t\t\t\t\t\t<div class=\"who-we-are-content\"><p>Who We Are er en digital, interaktiv udstilling, der giver autoktone minoriteter en scene. Fokus er p\u00e5 mennesker, der bor i den tysk-dansk-frisiske gr\u00e6nseregion og i andre regioner i Europa - med deres sprog, historier, minder, forskelle og styrker. Mange af dem har tilh\u00f8rt mindretal i generationer, men er kun marginaliserede i den offentlige opfattelse. Who We Are er et sted, hvor de kan pr\u00e6sentere sig selv: i korte videoportr\u00e6tter, fotos, tekster og lydbidrag, der viser deres syn p\u00e5 identitet, tilh\u00f8rsforhold, hverdagsliv og kultur.<\/p><p><span style=\"font-style: inherit; font-weight: inherit;\">Projektet bliver drevet af Mindretals-Kompetence-Netv\u00e6rket Slesvig-Holsten\/Syddanmark (MKN), en non-profit organisation med base i den tysk-dansk-frisiske gr\u00e6nseregion. Netv\u00e6rket samler organisationer fra de tyske, danske og frisiske mindretal og sinti og romaer samt uddannelses- og forskningsinstitutioner, lokale myndigheder og regioner. De arbejder sammen om at synligg\u00f8re erfaringer fra mindretals- og majoritetssamfund, udvikle nye former for udveksling og \u00e5bne gr\u00e6nseregionen som et rum for l\u00e6ring og m\u00f8der.<\/span><\/p><p>P\u00e5 onlineplatformen Who We Are kan medlemmer af mindretal indsende deres egne bidrag - f.eks. selfievideoer, korte historier, fotos med tekst eller andre medieformer. Et interaktivt kort, det s\u00e5kaldte story map, placerer disse historier geografisk og visualiserer, hvor mangfoldig minoriteternes virkelighed er p\u00e5 tv\u00e6rs af landegr\u00e6nser. Den digitale udstilling suppleres af professionelt producerede videodokumentarer og en podcastserie, der g\u00e5r i dybden med de enkelte emner og bringer mennesker fra forskellige mindretal i dialog med hinanden. P\u00e5 den m\u00e5de skabes der gradvist et voksende arkiv, som ikke kun formidler viden, men ogs\u00e5 skaber n\u00e6rhed.<\/p><p>Who We Are trives med deltagelse. Platformen er \u00e5ben for nye stemmer, nye perspektiver og nye historier. Alle, der selv er en del af en minoritet eller f\u00f8ler sig forbundet med en minoritet, er inviteret til at uploade deres eget bidrag og v\u00e6re med til at forme udstillingen - med en video, et foto, en tekst eller i en helt unik form.<\/p><p>Parallelt med den digitale platform opbygges en analog, modul\u00e6r udstilling, der viser Who We Are-indhold p\u00e5 roll-ups og andre elementer, og som er direkte forbundet med onlineudstillingen via QR-koder. Den kan bruges p\u00e5 museer, skoler, konferencecentre, kulturhuse eller til events og bygger dermed bro mellem sk\u00e6rmen og m\u00f8delokalet. Alle, der gerne vil have den analoge udstilling til deres lokaler - til en event, til deres udstillingsrum, et undervisningstilbud eller deres eget projekt - er velkomne til at kontakte os p\u00e5 <a href=\"mailto:moin@who-we-are.org\">moin@who-we-are.org<\/a>.<\/p><p>Projektet blev finansieret af det tyske indenrigsministerium efter en beslutning i den tyske forbundsdag.<\/p><p>Nogle af bidragene blev udviklet i forbindelse med et event\/seminar-projekt i samarbejde med <a href=\"https:\/\/www.yeni.org\/\" target=\"_blank\" rel=\"noopener\">Youth of European Nationalities (YEN)<\/a> .<\/p><\/div>\t\t\t\t\t\t\t\t<\/div>\n\t\t\t\t<\/div>\n\t\t\t\t<div class=\"elementor-element elementor-element-df291f5 elementor-widget elementor-widget-image\" data-id=\"df291f5\" data-element_type=\"widget\" data-e-type=\"widget\" data-widget_type=\"image.default\">\n\t\t\t\t<div class=\"elementor-widget-container\">\n\t\t\t\t\t\t\t\t\t\t\t\t\t\t\t<img decoding=\"async\" width=\"171\" height=\"175\" src=\"https:\/\/www.who-we-are.org\/wp-content\/uploads\/2025\/12\/BMI_Fz_2025_WebSVG_de.svg\" class=\"attachment-thumbnail size-thumbnail wp-image-1989\" alt=\"\" \/>\t\t\t\t\t\t\t\t\t\t\t\t\t\t\t<\/div>\n\t\t\t\t<\/div>\n\t\t\t\t<div class=\"elementor-element elementor-element-d643b50 elementor-widget elementor-widget-spacer\" data-id=\"d643b50\" data-element_type=\"widget\" data-e-type=\"widget\" data-widget_type=\"spacer.default\">\n\t\t\t\t<div class=\"elementor-widget-container\">\n\t\t\t\t\t\t\t<div class=\"elementor-spacer\">\n\t\t\t<div class=\"elementor-spacer-inner\"><\/div>\n\t\t<\/div>\n\t\t\t\t\t\t<\/div>\n\t\t\t\t<\/div>\n\t\t\t\t\t<\/div>\n\t\t\t\t<\/div>\n\t\t\t\t<\/div>","protected":false},"excerpt":{"rendered":"<p>\u00dcber das Projekt Who We Are ist eine digitale, interaktive Ausstellung, die autochthonen Minderheiten eine B\u00fchne gibt. Im Mittelpunkt stehen Menschen, die im deutsch-d\u00e4nisch-friesischen Grenzland und in anderen Regionen Europas leben \u2013 mit ihren Sprachen, Geschichten, Erinnerungen, Br\u00fcchen und St\u00e4rken. Viele von ihnen geh\u00f6ren seit Generationen zu Minderheiten, kommen in der \u00f6ffentlichen Wahrnehmung aber nur [&hellip;]<\/p>\n","protected":false},"author":1,"featured_media":0,"parent":0,"menu_order":0,"comment_status":"closed","ping_status":"closed","template":"","meta":{"_acf_changed":false,"site-sidebar-layout":"no-sidebar","site-content-layout":"page-builder","ast-site-content-layout":"full-width-container","site-content-style":"default","site-sidebar-style":"default","ast-global-header-display":"","ast-banner-title-visibility":"","ast-main-header-display":"","ast-hfb-above-header-display":"","ast-hfb-below-header-display":"","ast-hfb-mobile-header-display":"","site-post-title":"","ast-breadcrumbs-content":"","ast-featured-img":"disabled","footer-sml-layout":"","ast-disable-related-posts":"","theme-transparent-header-meta":"","adv-header-id-meta":"","stick-header-meta":"","header-above-stick-meta":"","header-main-stick-meta":"","header-below-stick-meta":"","astra-migrate-meta-layouts":"set","ast-page-background-enabled":"default","ast-page-background-meta":{"desktop":{"background-color":"var(--ast-global-color-4)","background-image":"","background-repeat":"repeat","background-position":"center center","background-size":"auto","background-attachment":"scroll","background-type":"","background-media":"","overlay-type":"","overlay-color":"","overlay-opacity":"","overlay-gradient":""},"tablet":{"background-color":"","background-image":"","background-repeat":"repeat","background-position":"center center","background-size":"auto","background-attachment":"scroll","background-type":"","background-media":"","overlay-type":"","overlay-color":"","overlay-opacity":"","overlay-gradient":""},"mobile":{"background-color":"","background-image":"","background-repeat":"repeat","background-position":"center center","background-size":"auto","background-attachment":"scroll","background-type":"","background-media":"","overlay-type":"","overlay-color":"","overlay-opacity":"","overlay-gradient":""}},"ast-content-background-meta":{"desktop":{"background-color":"var(--ast-global-color-5)","background-image":"","background-repeat":"repeat","background-position":"center center","background-size":"auto","background-attachment":"scroll","background-type":"","background-media":"","overlay-type":"","overlay-color":"","overlay-opacity":"","overlay-gradient":""},"tablet":{"background-color":"var(--ast-global-color-5)","background-image":"","background-repeat":"repeat","background-position":"center center","background-size":"auto","background-attachment":"scroll","background-type":"","background-media":"","overlay-type":"","overlay-color":"","overlay-opacity":"","overlay-gradient":""},"mobile":{"background-color":"var(--ast-global-color-5)","background-image":"","background-repeat":"repeat","background-position":"center center","background-size":"auto","background-attachment":"scroll","background-type":"","background-media":"","overlay-type":"","overlay-color":"","overlay-opacity":"","overlay-gradient":""}},"footnotes":""},"class_list":["post-1779","page","type-page","status-publish","hentry"],"acf":[],"_links":{"self":[{"href":"https:\/\/www.who-we-are.org\/da\/wp-json\/wp\/v2\/pages\/1779","targetHints":{"allow":["GET"]}}],"collection":[{"href":"https:\/\/www.who-we-are.org\/da\/wp-json\/wp\/v2\/pages"}],"about":[{"href":"https:\/\/www.who-we-are.org\/da\/wp-json\/wp\/v2\/types\/page"}],"author":[{"embeddable":true,"href":"https:\/\/www.who-we-are.org\/da\/wp-json\/wp\/v2\/users\/1"}],"replies":[{"embeddable":true,"href":"https:\/\/www.who-we-are.org\/da\/wp-json\/wp\/v2\/comments?post=1779"}],"version-history":[{"count":26,"href":"https:\/\/www.who-we-are.org\/da\/wp-json\/wp\/v2\/pages\/1779\/revisions"}],"predecessor-version":[{"id":2036,"href":"https:\/\/www.who-we-are.org\/da\/wp-json\/wp\/v2\/pages\/1779\/revisions\/2036"}],"wp:attachment":[{"href":"https:\/\/www.who-we-are.org\/da\/wp-json\/wp\/v2\/media?parent=1779"}],"curies":[{"name":"wp","href":"https:\/\/api.w.org\/{rel}","templated":true}]}}

<div data-elementor-type="wp-page" data-elementor-id="1779" class="elementor elementor-1779">
				<div class="elementor-element elementor-element-d82ce93 e-flex e-con-boxed e-con e-parent" data-id="d82ce93" data-element_type="container" data-e-type="container">
					<div class="e-con-inner">
				<div class="elementor-element elementor-element-5ecc1e6 elementor-widget elementor-widget-heading" data-id="5ecc1e6" data-element_type="widget" data-e-type="widget" data-widget_type="heading.default">
				<div class="elementor-widget-container">
					<h2 class="elementor-heading-title elementor-size-default">Om projektet</h2>				</div>
				</div>
				<div class="elementor-element elementor-element-200b0bd elementor-widget elementor-widget-text-editor" data-id="200b0bd" data-element_type="widget" data-e-type="widget" data-widget_type="text-editor.default">
				<div class="elementor-widget-container">
									<div class="who-we-are-content"><p>Who We Are er en digital, interaktiv udstilling, der giver autoktone minoriteter en scene. Fokus er på mennesker, der bor i den tysk-dansk-frisiske grænseregion og i andre regioner i Europa - med deres sprog, historier, minder, forskelle og styrker. Mange af dem har tilhørt mindretal i generationer, men er kun marginaliserede i den offentlige opfattelse. Who We Are er et sted, hvor de kan præsentere sig selv: i korte videoportrætter, fotos, tekster og lydbidrag, der viser deres syn på identitet, tilhørsforhold, hverdagsliv og kultur.</p><p><span style="font-style: inherit; font-weight: inherit;">Projektet bliver drevet af Mindretals-Kompetence-Netværket Slesvig-Holsten/Syddanmark (MKN), en non-profit organisation med base i den tysk-dansk-frisiske grænseregion. Netværket samler organisationer fra de tyske, danske og frisiske mindretal og sinti og romaer samt uddannelses- og forskningsinstitutioner, lokale myndigheder og regioner. De arbejder sammen om at synliggøre erfaringer fra mindretals- og majoritetssamfund, udvikle nye former for udveksling og åbne grænseregionen som et rum for læring og møder.</span></p><p>På onlineplatformen Who We Are kan medlemmer af mindretal indsende deres egne bidrag - f.eks. selfievideoer, korte historier, fotos med tekst eller andre medieformer. Et interaktivt kort, det såkaldte story map, placerer disse historier geografisk og visualiserer, hvor mangfoldig minoriteternes virkelighed er på tværs af landegrænser. Den digitale udstilling suppleres af professionelt producerede videodokumentarer og en podcastserie, der går i dybden med de enkelte emner og bringer mennesker fra forskellige mindretal i dialog med hinanden. På den måde skabes der gradvist et voksende arkiv, som ikke kun formidler viden, men også skaber nærhed.</p><p>Who We Are trives med deltagelse. Platformen er åben for nye stemmer, nye perspektiver og nye historier. Alle, der selv er en del af en minoritet eller føler sig forbundet med en minoritet, er inviteret til at uploade deres eget bidrag og være med til at forme udstillingen - med en video, et foto, en tekst eller i en helt unik form.</p><p>Parallelt med den digitale platform opbygges en analog, modulær udstilling, der viser Who We Are-indhold på roll-ups og andre elementer, og som er direkte forbundet med onlineudstillingen via QR-koder. Den kan bruges på museer, skoler, konferencecentre, kulturhuse eller til events og bygger dermed bro mellem skærmen og mødelokalet. Alle, der gerne vil have den analoge udstilling til deres lokaler - til en event, til deres udstillingsrum, et undervisningstilbud eller deres eget projekt - er velkomne til at kontakte os på <a href="mailto:moin@who-we-are.org">moin@who-we-are.org</a>.</p><p>Projektet blev finansieret af det tyske indenrigsministerium efter en beslutning i den tyske forbundsdag.</p><p>Nogle af bidragene blev udviklet i forbindelse med et event/seminar-projekt i samarbejde med <a href="https://www.yeni.org/" target="_blank" rel="noopener">Youth of European Nationalities (YEN)</a> .</p></div>								</div>
				</div>
				<div class="elementor-element elementor-element-df291f5 elementor-widget elementor-widget-image" data-id="df291f5" data-element_type="widget" data-e-type="widget" data-widget_type="image.default">
				<div class="elementor-widget-container">
															<img decoding="async" width="171" height="175" src="https://www.who-we-are.org/wp-content/uploads/2025/12/BMI_Fz_2025_WebSVG_de.svg" class="attachment-thumbnail size-thumbnail wp-image-1989" alt="" />															</div>
				</div>
				<div class="elementor-element elementor-element-d643b50 elementor-widget elementor-widget-spacer" data-id="d643b50" data-element_type="widget" data-e-type="widget" data-widget_type="spacer.default">
				<div class="elementor-widget-container">
							<div class="elementor-spacer">
			<div class="elementor-spacer-inner"></div>
		</div>
						</div>
				</div>
					</div>
				</div>
				</div>

<p>Über das Projekt Who We Are ist eine digitale, interaktive Ausstellung, die autochthonen Minderheiten eine Bühne gibt. Im Mittelpunkt stehen Menschen, die im deutsch-dänisch-friesischen Grenzland und in anderen Regionen Europas leben – mit ihren Sprachen, Geschichten, Erinnerungen, Brüchen und Stärken. Viele von ihnen gehören seit Generationen zu Minderheiten, kommen in der öffentlichen Wahrnehmung aber nur [&hellip;]</p>
