{"id":1699,"date":"2025-07-16T11:28:09","date_gmt":"2025-07-16T11:28:09","guid":{"rendered":"https:\/\/mkn.eliasarndt.de\/?page_id=1699"},"modified":"2026-04-22T21:19:46","modified_gmt":"2026-04-22T20:19:46","slug":"databeskyttelse","status":"publish","type":"page","link":"https:\/\/www.who-we-are.org\/da\/datenschutz\/","title":{"rendered":"Beskyttelse af data"},"content":{"rendered":"<div data-elementor-type=\"wp-page\" data-elementor-id=\"1699\" class=\"elementor elementor-1699\">\n\t\t\t\t<div class=\"elementor-element elementor-element-994e018 e-flex e-con-boxed e-con e-parent\" data-id=\"994e018\" data-element_type=\"container\" data-e-type=\"container\">\n\t\t\t\t\t<div class=\"e-con-inner\">\n\t\t\t\t<div class=\"elementor-element elementor-element-22007f1 elementor-widget elementor-widget-heading\" data-id=\"22007f1\" data-element_type=\"widget\" data-e-type=\"widget\" data-widget_type=\"heading.default\">\n\t\t\t\t<div class=\"elementor-widget-container\">\n\t\t\t\t\t<h2 class=\"elementor-heading-title elementor-size-default\">Beskyttelse af data<\/h2>\t\t\t\t<\/div>\n\t\t\t\t<\/div>\n\t\t\t\t<div class=\"elementor-element elementor-element-36d64a1 elementor-widget elementor-widget-text-editor\" data-id=\"36d64a1\" data-element_type=\"widget\" data-e-type=\"widget\" data-widget_type=\"text-editor.default\">\n\t\t\t\t<div class=\"elementor-widget-container\">\n\t\t\t\t\t\t\t\t\t<p><strong>1. Ansvarligt organ<\/strong><br>Minoritetskompetencenetv\u00e6rk Slesvig-Holsten \/ Syddanmark e. V.<br>Akademieweg 6<br>24988 Oeversee<br>Tyskland<br>Telefon: +49 4630 55161<br>E-mail: mkn@sankelmark.de<br>Web: <a href=\"https:\/\/minority-network.org\" target=\"_blank\" rel=\"noopener\">https:\/\/minority-network.org<\/a><\/p>\n<p>Repr\u00e6senteret af:<\/p>\n<ol>\n<li>Formand: Uwe Jessen<\/li>\n<li>N\u00e6stformand: Dr. Frank Nickelsen<\/li>\n<\/ol>\n<p><strong>2. indsamling og opbevaring af personoplysninger og arten af og form\u00e5let med deres anvendelse<br><\/strong><\/p>\n<p><strong>a) N\u00e5r du bes\u00f8ger hjemmesiden<\/strong><br>N\u00e5r du bes\u00f8ger vores websted, sendes oplysninger automatisk til vores server af din enheds browser og gemmes i logfiler (f.eks. IP-adresse, dato\/klokkesl\u00e6t, tilg\u00e5et fil, browsertype, operativsystem, henvisnings-URL).<br>Behandlingen udf\u00f8res p\u00e5 grundlag af artikel 6, stk. 1, litra f, i GDPR for at sikre hjemmesidens funktionalitet og sikkerhed.<\/p>\n<p><br><\/p>\n<p><strong>b) N\u00e5r du tager kontakt<\/strong><br>Hvis du kontakter os via e-mail eller en formular, behandler vi dine oplysninger (navn, e-mailadresse, besked) for at behandle din foresp\u00f8rgsel (art. 6, stk. 1, litra a og b i GDPR).<\/p>\n<p><br><\/p>\n<p><strong>c) N\u00e5r du indsender et bidrag via upload-v\u00e6rkt\u00f8jet<\/strong><br>N\u00e5r du uploader indhold (tekst, billeder, lyd, video) via vores indsendelses-\/uploadv\u00e6rkt\u00f8j, behandler vi det:<\/p>\n<ul>\n<li>Dine kontaktoplysninger (navn, e-mailadresse, telefonnummer, hvis det er relevant)<\/li>\n<li>det indhold, du har uploadet<\/li>\n<li>Eventuelle personoplysninger om tredjeparter indeholdt (kun hvis der er opn\u00e5et tilsvarende samtykke)<\/li>\n<li>hvis det er relevant, s\u00e6rlige kategorier af personoplysninger (artikel 9 i GDPR), f.eks. oplysninger om etnisk oprindelse, religion, seksuel orientering, hvis du giver disse oplysninger frivilligt<\/li>\n<\/ul>\n<p><strong>Form\u00e5l med behandlingen:<\/strong><\/p>\n<ul>\n<li>Organisering, gennemf\u00f8relse og offentlig pr\u00e6sentation af den digitale udstilling \u201eWho We Are\u201c p\u00e5 <a href=\"https:\/\/www.who-we-are.org\/da\/\">https:\/\/who-we-are.org<\/a><\/li>\n<li>Delvis analog reproduktion (f.eks. udstillingstavler, plakater, QR-koder, trykte materialer)<\/li>\n<li>Dokumentation af projektet<\/li>\n<\/ul>\n<p><strong>Juridisk grundlag:<\/strong><\/p>\n<ul>\n<li>Art. 6 stk. 1 lit. a GDPR (samtykke)<\/li>\n<li>Art. 9 para. 2 lit. a GDPR (samtykke til behandling af s\u00e6rlige data)<\/li>\n<li>Art. 6 para. 1 lit. b GDPR (deltagelseskontrakt)<\/li>\n<\/ul>\n<p>Samtykke gives aktivt via en bekr\u00e6ftelsesboks i uploadv\u00e6rkt\u00f8jet, hvis indhold, tidspunkt og IP-adresse gemmes for at kunne bevise samtykke (art. 7 GDPR).<\/p>\n<p><br><\/p>\n<p><strong style=\"font-size: 16px;\">3. Udlevering af data<\/strong><\/p>\n<p>Dine personlige data vil kun blive videregivet til autoriserede MKN-medarbejdere.<br>Bidrag, der offentligg\u00f8res, er offentligt tilg\u00e6ngelige p\u00e5 internettet og, hvor det er relevant, ogs\u00e5 i analoge formater. Yderligere brug af tredjeparter kan ikke udelukkes.<\/p>\n<p><br><\/p>\n<p><strong style=\"font-size: 16px;\">4. Opbevaringens varighed<\/strong><\/p>\n<p>Personlige data opbevares i projektets varighed og i maksimalt <strong>5 \u00e5r efter projektets afslutning<\/strong> medmindre du tr\u00e6kker dit samtykke tilbage p\u00e5 forh\u00e5nd.<\/p>\n<p><br><\/p>\n<p><strong style=\"font-size: 16px;\">5. Cookies og analysev\u00e6rkt\u00f8jer<\/strong><\/p>\n<p>P\u00e5 denne hjemmeside anvendes Matomo, et open source-v\u00e6rkt\u00f8j til webanalyse. Matomo giver os mulighed for at indsamle og evaluere oplysninger om, hvordan bes\u00f8gende bruger vores hjemmeside. Dette g\u00f8r det blandt andet muligt at spore, hvorn\u00e5r bestemte sider er blevet bes\u00f8gt, og hvorfra bes\u00f8gende kommer. Derudover indsamles forskellige logdata, og det kan m\u00e5les, om bes\u00f8gende foretager bestemte handlinger (f.eks. klik).<\/p><p>Brugen af dette analysev\u00e6rkt\u00f8j er baseret p\u00e5 artikel 6, stk. 1, litra f i GDPR. Webstedets operat\u00f8r har en legitim interesse i at analysere brugeradf\u00e6rd for at forbedre sit onlinetilbud og sine marketingaktiviteter. Hvis en tilsvarende samtykke er indhentet, behandles dataene udelukkende p\u00e5 grundlag af artikel 6, stk. 1, litra a i GDPR og \u00a7 25, stk. 1 i TTDSG, forudsat at samtykket omfatter lagring af cookies eller adgang til oplysninger p\u00e5 brugerens slutenhed (f.eks. enhedsafsporsing) i henhold til TTDSG. Dette samtykke kan til enhver tid tr\u00e6kkes tilbage.<\/p><p>Som en del af evalueringen ved hj\u00e6lp af Matomo anvender vi IP-anonymisering. Din IP-adresse forkortes f\u00f8r analysen, s\u00e5 en entydig identifikation af dig ikke l\u00e6ngere er mulig.<\/p><p>\n\n\n<\/p><p>Matomo drives udelukkende p\u00e5 vores egne servere. Alle analyseoplysninger forbliver derfor hos os og videregives ikke til tredjeparter.<\/p><p><br><\/p><p>Afmeldingsmulighed<\/p>\n<p><div id=\"matomo-opt-out-form-embed\"><\/div><\/p>\n<p><br><\/p>\n<p><strong style=\"font-size: 16px;\">6. Dine rettigheder<\/strong><\/p>\n<p>Du har ret til indsigt (art. 15 i GDPR), berigtigelse (art. 16 i GDPR), sletning (art. 17 i GDPR), begr\u00e6nsning af behandling (art. 18 i GDPR), dataportabilitet (art. 20 i GDPR), indsigelse (art. 21 i GDPR) og tilbagetr\u00e6kning af samtykke (art. 7 (3) i GDPR).<\/p>\n<p>Hvis du vil g\u00f8re brug af dine rettigheder, skal du blot sende en e-mail til <strong>mkn@sankelmark.de<\/strong>.<\/p>\n<p><br><\/p>\n<p><strong style=\"font-size: 16px;\">7. Ret til at appellere<\/strong><\/p>\n<p>Du har ret til at indgive en klage til en tilsynsmyndighed for databeskyttelse:<br>Det uafh\u00e6ngige statslige center for databeskyttelse i Slesvig-Holsten (ULD)<br>Holstenstra\u00dfe 98, 24103 Kiel, Tyskland<br>Web: <a href=\"https:\/\/www.datenschutzzentrum.de\" target=\"_blank\" rel=\"noopener\">https:\/\/www.datenschutzzentrum.de<\/a><\/p>\n<p><br><\/p>\n<p><strong style=\"font-size: 16px;\">8. Datasikkerhed<\/strong><\/p>\n<p>Vi bruger tekniske og organisatoriske foranstaltninger til at beskytte dine data mod manipulation, tab eller uautoriseret adgang.<\/p>\n<p><br><\/p>\n<p><strong style=\"font-size: 16px;\">9 Status og \u00e6ndringer<\/strong><\/p>\n<p>Denne privatlivspolitik g\u00e6lder fra 15. august 2025 og kan blive opdateret i tilf\u00e6lde af \u00e6ndringer i lovkrav eller tekniske justeringer.<\/p>\t\t\t\t\t\t\t\t<\/div>\n\t\t\t\t<\/div>\n\t\t\t\t\t<\/div>\n\t\t\t\t<\/div>\n\t\t\t\t<\/div>","protected":false},"excerpt":{"rendered":"<p>Datenschutz 1. Verantwortliche StelleMinderheiten-Kompetenz-Netzwerk Schleswig-Holstein \/ S\u00fcdd\u00e4nemark e. V.Akademieweg 624988 OeverseeDeutschlandTel.: +49 4630 55161E-Mail: mkn@sankelmark.deWeb: https:\/\/minority-network.org Vertreten durch: Vorsitzender: Uwe Jessen stellvertretender Vorsitzender: Dr. Frank Nickelsen 2. Erhebung und Speicherung personenbezogener Daten sowie Art und Zweck der Verwendung a) Beim Besuch der WebsiteBeim Aufrufen unserer Website werden automatisch durch den Browser Ihres Endger\u00e4ts Informationen an [&hellip;]<\/p>\n","protected":false},"author":1,"featured_media":0,"parent":0,"menu_order":0,"comment_status":"closed","ping_status":"closed","template":"","meta":{"_acf_changed":false,"site-sidebar-layout":"no-sidebar","site-content-layout":"page-builder","ast-site-content-layout":"full-width-container","site-content-style":"default","site-sidebar-style":"default","ast-global-header-display":"","ast-banner-title-visibility":"","ast-main-header-display":"","ast-hfb-above-header-display":"","ast-hfb-below-header-display":"","ast-hfb-mobile-header-display":"","site-post-title":"","ast-breadcrumbs-content":"","ast-featured-img":"disabled","footer-sml-layout":"","ast-disable-related-posts":"","theme-transparent-header-meta":"","adv-header-id-meta":"","stick-header-meta":"","header-above-stick-meta":"","header-main-stick-meta":"","header-below-stick-meta":"","astra-migrate-meta-layouts":"set","ast-page-background-enabled":"default","ast-page-background-meta":{"desktop":{"background-color":"var(--ast-global-color-4)","background-image":"","background-repeat":"repeat","background-position":"center center","background-size":"auto","background-attachment":"scroll","background-type":"","background-media":"","overlay-type":"","overlay-color":"","overlay-opacity":"","overlay-gradient":""},"tablet":{"background-color":"","background-image":"","background-repeat":"repeat","background-position":"center center","background-size":"auto","background-attachment":"scroll","background-type":"","background-media":"","overlay-type":"","overlay-color":"","overlay-opacity":"","overlay-gradient":""},"mobile":{"background-color":"","background-image":"","background-repeat":"repeat","background-position":"center center","background-size":"auto","background-attachment":"scroll","background-type":"","background-media":"","overlay-type":"","overlay-color":"","overlay-opacity":"","overlay-gradient":""}},"ast-content-background-meta":{"desktop":{"background-color":"var(--ast-global-color-5)","background-image":"","background-repeat":"repeat","background-position":"center center","background-size":"auto","background-attachment":"scroll","background-type":"","background-media":"","overlay-type":"","overlay-color":"","overlay-opacity":"","overlay-gradient":""},"tablet":{"background-color":"var(--ast-global-color-5)","background-image":"","background-repeat":"repeat","background-position":"center center","background-size":"auto","background-attachment":"scroll","background-type":"","background-media":"","overlay-type":"","overlay-color":"","overlay-opacity":"","overlay-gradient":""},"mobile":{"background-color":"var(--ast-global-color-5)","background-image":"","background-repeat":"repeat","background-position":"center center","background-size":"auto","background-attachment":"scroll","background-type":"","background-media":"","overlay-type":"","overlay-color":"","overlay-opacity":"","overlay-gradient":""}},"footnotes":""},"class_list":["post-1699","page","type-page","status-publish","hentry"],"acf":[],"_links":{"self":[{"href":"https:\/\/www.who-we-are.org\/da\/wp-json\/wp\/v2\/pages\/1699","targetHints":{"allow":["GET"]}}],"collection":[{"href":"https:\/\/www.who-we-are.org\/da\/wp-json\/wp\/v2\/pages"}],"about":[{"href":"https:\/\/www.who-we-are.org\/da\/wp-json\/wp\/v2\/types\/page"}],"author":[{"embeddable":true,"href":"https:\/\/www.who-we-are.org\/da\/wp-json\/wp\/v2\/users\/1"}],"replies":[{"embeddable":true,"href":"https:\/\/www.who-we-are.org\/da\/wp-json\/wp\/v2\/comments?post=1699"}],"version-history":[{"count":13,"href":"https:\/\/www.who-we-are.org\/da\/wp-json\/wp\/v2\/pages\/1699\/revisions"}],"predecessor-version":[{"id":2078,"href":"https:\/\/www.who-we-are.org\/da\/wp-json\/wp\/v2\/pages\/1699\/revisions\/2078"}],"wp:attachment":[{"href":"https:\/\/www.who-we-are.org\/da\/wp-json\/wp\/v2\/media?parent=1699"}],"curies":[{"name":"wp","href":"https:\/\/api.w.org\/{rel}","templated":true}]}}

<div data-elementor-type="wp-page" data-elementor-id="1699" class="elementor elementor-1699">
				<div class="elementor-element elementor-element-994e018 e-flex e-con-boxed e-con e-parent" data-id="994e018" data-element_type="container" data-e-type="container">
					<div class="e-con-inner">
				<div class="elementor-element elementor-element-22007f1 elementor-widget elementor-widget-heading" data-id="22007f1" data-element_type="widget" data-e-type="widget" data-widget_type="heading.default">
				<div class="elementor-widget-container">
					<h2 class="elementor-heading-title elementor-size-default">Beskyttelse af data</h2>				</div>
				</div>
				<div class="elementor-element elementor-element-36d64a1 elementor-widget elementor-widget-text-editor" data-id="36d64a1" data-element_type="widget" data-e-type="widget" data-widget_type="text-editor.default">
				<div class="elementor-widget-container">
									<p><strong>1. Ansvarligt organ</strong><br>Minoritetskompetencenetværk Slesvig-Holsten / Syddanmark e. V.<br>Akademieweg 6<br>24988 Oeversee<br>Tyskland<br>Telefon: +49 4630 55161<br>E-mail: mkn@sankelmark.de<br>Web: <a href="https://minority-network.org" target="_blank" rel="noopener">https://minority-network.org</a></p>
<p>Repræsenteret af:</p>
<ol>
<li>Formand: Uwe Jessen</li>
<li>Næstformand: Dr. Frank Nickelsen</li>
</ol>
<p><strong>2. indsamling og opbevaring af personoplysninger og arten af og formålet med deres anvendelse<br></strong></p>
<p><strong>a) Når du besøger hjemmesiden</strong><br>Når du besøger vores websted, sendes oplysninger automatisk til vores server af din enheds browser og gemmes i logfiler (f.eks. IP-adresse, dato/klokkeslæt, tilgået fil, browsertype, operativsystem, henvisnings-URL).<br>Behandlingen udføres på grundlag af artikel 6, stk. 1, litra f, i GDPR for at sikre hjemmesidens funktionalitet og sikkerhed.</p>
<p><br></p>
<p><strong>b) Når du tager kontakt</strong><br>Hvis du kontakter os via e-mail eller en formular, behandler vi dine oplysninger (navn, e-mailadresse, besked) for at behandle din forespørgsel (art. 6, stk. 1, litra a og b i GDPR).</p>
<p><br></p>
<p><strong>c) Når du indsender et bidrag via upload-værktøjet</strong><br>Når du uploader indhold (tekst, billeder, lyd, video) via vores indsendelses-/uploadværktøj, behandler vi det:</p>
<ul>
<li>Dine kontaktoplysninger (navn, e-mailadresse, telefonnummer, hvis det er relevant)</li>
<li>det indhold, du har uploadet</li>
<li>Eventuelle personoplysninger om tredjeparter indeholdt (kun hvis der er opnået tilsvarende samtykke)</li>
<li>hvis det er relevant, særlige kategorier af personoplysninger (artikel 9 i GDPR), f.eks. oplysninger om etnisk oprindelse, religion, seksuel orientering, hvis du giver disse oplysninger frivilligt</li>
</ul>
<p><strong>Formål med behandlingen:</strong></p>
<ul>
<li>Organisering, gennemførelse og offentlig præsentation af den digitale udstilling „Who We Are“ på <a href="https://www.who-we-are.org/da/">https://who-we-are.org</a></li>
<li>Delvis analog reproduktion (f.eks. udstillingstavler, plakater, QR-koder, trykte materialer)</li>
<li>Dokumentation af projektet</li>
</ul>
<p><strong>Juridisk grundlag:</strong></p>
<ul>
<li>Art. 6 stk. 1 lit. a GDPR (samtykke)</li>
<li>Art. 9 para. 2 lit. a GDPR (samtykke til behandling af særlige data)</li>
<li>Art. 6 para. 1 lit. b GDPR (deltagelseskontrakt)</li>
</ul>
<p>Samtykke gives aktivt via en bekræftelsesboks i uploadværktøjet, hvis indhold, tidspunkt og IP-adresse gemmes for at kunne bevise samtykke (art. 7 GDPR).</p>
<p><br></p>
<p><strong style="font-size: 16px;">3. Udlevering af data</strong></p>
<p>Dine personlige data vil kun blive videregivet til autoriserede MKN-medarbejdere.<br>Bidrag, der offentliggøres, er offentligt tilgængelige på internettet og, hvor det er relevant, også i analoge formater. Yderligere brug af tredjeparter kan ikke udelukkes.</p>
<p><br></p>
<p><strong style="font-size: 16px;">4. Opbevaringens varighed</strong></p>
<p>Personlige data opbevares i projektets varighed og i maksimalt <strong>5 år efter projektets afslutning</strong> medmindre du trækker dit samtykke tilbage på forhånd.</p>
<p><br></p>
<p><strong style="font-size: 16px;">5. Cookies og analyseværktøjer</strong></p>
<p>På denne hjemmeside anvendes Matomo, et open source-værktøj til webanalyse. Matomo giver os mulighed for at indsamle og evaluere oplysninger om, hvordan besøgende bruger vores hjemmeside. Dette gør det blandt andet muligt at spore, hvornår bestemte sider er blevet besøgt, og hvorfra besøgende kommer. Derudover indsamles forskellige logdata, og det kan måles, om besøgende foretager bestemte handlinger (f.eks. klik).</p><p>Brugen af dette analyseværktøj er baseret på artikel 6, stk. 1, litra f i GDPR. Webstedets operatør har en legitim interesse i at analysere brugeradfærd for at forbedre sit onlinetilbud og sine marketingaktiviteter. Hvis en tilsvarende samtykke er indhentet, behandles dataene udelukkende på grundlag af artikel 6, stk. 1, litra a i GDPR og § 25, stk. 1 i TTDSG, forudsat at samtykket omfatter lagring af cookies eller adgang til oplysninger på brugerens slutenhed (f.eks. enhedsafsporsing) i henhold til TTDSG. Dette samtykke kan til enhver tid trækkes tilbage.</p><p>Som en del af evalueringen ved hjælp af Matomo anvender vi IP-anonymisering. Din IP-adresse forkortes før analysen, så en entydig identifikation af dig ikke længere er mulig.</p><p>


</p><p>Matomo drives udelukkende på vores egne servere. Alle analyseoplysninger forbliver derfor hos os og videregives ikke til tredjeparter.</p><p><br></p><p>Afmeldingsmulighed</p>
<p><div id="matomo-opt-out-form-embed"></div></p>
<p><br></p>
<p><strong style="font-size: 16px;">6. Dine rettigheder</strong></p>
<p>Du har ret til indsigt (art. 15 i GDPR), berigtigelse (art. 16 i GDPR), sletning (art. 17 i GDPR), begrænsning af behandling (art. 18 i GDPR), dataportabilitet (art. 20 i GDPR), indsigelse (art. 21 i GDPR) og tilbagetrækning af samtykke (art. 7 (3) i GDPR).</p>
<p>Hvis du vil gøre brug af dine rettigheder, skal du blot sende en e-mail til <strong>mkn@sankelmark.de</strong>.</p>
<p><br></p>
<p><strong style="font-size: 16px;">7. Ret til at appellere</strong></p>
<p>Du har ret til at indgive en klage til en tilsynsmyndighed for databeskyttelse:<br>Det uafhængige statslige center for databeskyttelse i Slesvig-Holsten (ULD)<br>Holstenstraße 98, 24103 Kiel, Tyskland<br>Web: <a href="https://www.datenschutzzentrum.de" target="_blank" rel="noopener">https://www.datenschutzzentrum.de</a></p>
<p><br></p>
<p><strong style="font-size: 16px;">8. Datasikkerhed</strong></p>
<p>Vi bruger tekniske og organisatoriske foranstaltninger til at beskytte dine data mod manipulation, tab eller uautoriseret adgang.</p>
<p><br></p>
<p><strong style="font-size: 16px;">9 Status og ændringer</strong></p>
<p>Denne privatlivspolitik gælder fra 15. august 2025 og kan blive opdateret i tilfælde af ændringer i lovkrav eller tekniske justeringer.</p>								</div>
				</div>
					</div>
				</div>
				</div>

<p>Datenschutz 1. Verantwortliche StelleMinderheiten-Kompetenz-Netzwerk Schleswig-Holstein / Süddänemark e. V.Akademieweg 624988 OeverseeDeutschlandTel.: +49 4630 55161E-Mail: mkn@sankelmark.deWeb: https://minority-network.org Vertreten durch: Vorsitzender: Uwe Jessen stellvertretender Vorsitzender: Dr. Frank Nickelsen 2. Erhebung und Speicherung personenbezogener Daten sowie Art und Zweck der Verwendung a) Beim Besuch der WebsiteBeim Aufrufen unserer Website werden automatisch durch den Browser Ihres Endgeräts Informationen an [&hellip;]</p>
