{"id":1857,"date":"2025-11-12T08:57:27","date_gmt":"2025-11-12T08:57:27","guid":{"rendered":"https:\/\/www.who-we-are.org\/?post_type=map_point&#038;p=1857"},"modified":"2025-12-08T14:28:31","modified_gmt":"2025-12-08T13:28:31","slug":"jeg-er-nordslesvigske-leif-om-identitetsengagement-og-livet-i-det-tyske-mindretal","status":"publish","type":"map_point","link":"https:\/\/www.who-we-are.org\/da\/point\/ich-bin-nordschleswiger-leif-ueber-identitaet-engagement-und-das-leben-in-der-deutschen-minderheit\/","title":{"rendered":"\u201eJeg er nordslesviger\u201c - Leif om identitet, engagement og livet i det tyske mindretal"},"content":{"rendered":"<p><strong>Leif fra Gravenstein (Gr\u00e5sten) har v\u00e6ret en del af det tyske mindretal i Nordslesvig i tolv \u00e5r. Han har fundet sin egen plads mellem tysk og dansk kultur - som en ung, engageret nordslesviger, der bygger bro.<\/strong><br><strong>Mellem Tyskland og Danmark<\/strong><\/p>\n\n\n\n<p>For Leif betyder livet som nordslesviger, at han g\u00e5r p\u00e5 mindretallets skoler og engagerer sig i institutionerne. \u201eFor mig er mindretallet en slags tilflugtssted for min identitetsopfattelse, fordi jeg ikke ser mig selv som helt tysk eller helt dansk.\u201c<\/p>\n\n\n\n<p><!--\nSEO-Meta-Description (f\u00fcr Yoast\/RankMath einf\u00fcgen):\nLeif aus Gravenstein erz\u00e4hlt, wie ihn das Leben in der deutschen Minderheit in Nordschleswig gepr\u00e4gt hat, warum er sich als Nordscheswiger versteht und wie kulturelle Begegnung, Sprache und Engagement seine Identit\u00e4t formen.\n--><\/p>\n\n\n\n<article lang=\"de\">\n<section id=\"herkunft\">\n<p>I lang tid troede han, at man var n\u00f8dt til at tr\u00e6ffe en beslutning. \u201eMen det beh\u00f8ver man ikke, for jeg er en del af mindretallet. Jeg kan altid sige: Jeg er nordslesviger.\u201c<\/p>\n<\/section>\n<section id=\"institutionen\">\n<h2>Mindretallets hjerte: Det Tyske Generalsekretariat (Haus Nordschleswig)<\/h2>\n<p>Vi holder til i det Tyske Generalsekretariat i Aabenraa - det tyske mindretals administrative centrum. I huset findes <abbr title=\"Foreningen af tyske nordslesvigere\">BDN<\/abbr> med dets tilknyttede organisationer, f.eks. <abbr title=\"Tysk skole- og sprogforening\">DSSV<\/abbr>, <abbr title=\"Slesvigsk Parti\">SP<\/abbr> og mange andre organisationer. Denne struktur forbinder skoler, kulturarbejde og politik.<\/p>\n<\/section>\n<p data-start=\"7775\" data-end=\"8061\">Leifs hverdag er tosproget. Han taler som regel tysk med vennerne og i skolen, og dansk uden for skolen. Det er ikke en mods\u00e6tning for ham, men normalitet. En gang om \u00e5ret m\u00f8des hele mindretallet p\u00e5 Knivsberg: sport, kultur, socialt samv\u00e6r - en festival, der g\u00f8r sammenholdet h\u00e5ndgribeligt.<\/p>\n<p data-start=\"8063\" data-end=\"8379\">Leif er ogs\u00e5 politisk aktiv. Han er kandidat for Slesvigsk Parti, som varetager det tyske mindretals interesser i kommunerne S\u00f8nderborg, Aabenraa, Haderslev og T\u00f8nder - og SP har endda en borgmester i T\u00f8nder.<\/p>\n<section id=\"identitaet\">\n<p>&nbsp;<\/p>\n<\/section>\n<\/article>\n\n\n\n<div class=\"wp-block-media-text is-stacked-on-mobile is-image-fill-element\"><figure class=\"wp-block-media-text__media\"><img fetchpriority=\"high\" decoding=\"async\" width=\"1024\" height=\"553\" src=\"https:\/\/www.who-we-are.org\/wp-content\/uploads\/2025\/09\/Screenshot-2025-09-22-at-09.29.55-1024x553.png\" alt=\"\" class=\"wp-image-1858 size-full\" style=\"object-position:50% 50%\" srcset=\"https:\/\/www.who-we-are.org\/wp-content\/uploads\/2025\/09\/Screenshot-2025-09-22-at-09.29.55-1024x553.png 1024w, https:\/\/www.who-we-are.org\/wp-content\/uploads\/2025\/09\/Screenshot-2025-09-22-at-09.29.55-300x162.png 300w, https:\/\/www.who-we-are.org\/wp-content\/uploads\/2025\/09\/Screenshot-2025-09-22-at-09.29.55-768x415.png 768w, https:\/\/www.who-we-are.org\/wp-content\/uploads\/2025\/09\/Screenshot-2025-09-22-at-09.29.55-1536x829.png 1536w, https:\/\/www.who-we-are.org\/wp-content\/uploads\/2025\/09\/Screenshot-2025-09-22-at-09.29.55.png 1834w\" sizes=\"(max-width: 1024px) 100vw, 1024px\" \/><\/figure><div class=\"wp-block-media-text__content\">\n<p>Nogle gange, siger Leif, ser verden dyster ud. \u201eMen hvis man ser p\u00e5 det korte sigt, er situationen faktisk ret god\u201c. Han h\u00e5ber, at folk vil blive bedre til at lytte til hinanden, holde sammen og finde l\u00f8sninger sammen. Og at det tyske mindretal forbliver, hvad det er: st\u00e6rkt, levende og st\u00f8ttet af begge sider af gr\u00e6nsen.<\/p>\n<\/div><\/div>\n\n\n\n<div style=\"height:100px\" aria-hidden=\"true\" class=\"wp-block-spacer\"><\/div>\n\n\n\n<figure class=\"wp-block-embed is-type-video is-provider-youtube wp-block-embed-youtube wp-embed-aspect-16-9 wp-has-aspect-ratio\"><div class=\"wp-block-embed__wrapper\">\n<iframe title=\"Leif aus Gravenstein \u00fcber das junge Leben in der deutschen Minderheit\" width=\"500\" height=\"281\" src=\"https:\/\/www.youtube-nocookie.com\/embed\/IaUgs8cSct4?feature=oembed\" frameborder=\"0\" allow=\"accelerometer; autoplay; clipboard-write; encrypted-media; gyroscope; picture-in-picture; web-share\" referrerpolicy=\"strict-origin-when-cross-origin\" allowfullscreen><\/iframe>\n<\/div><\/figure>","protected":false},"featured_media":1859,"template":"","meta":{"_acf_changed":false,"site-sidebar-layout":"default","site-content-layout":"","ast-site-content-layout":"default","site-content-style":"default","site-sidebar-style":"default","ast-global-header-display":"","ast-banner-title-visibility":"","ast-main-header-display":"","ast-hfb-above-header-display":"","ast-hfb-below-header-display":"","ast-hfb-mobile-header-display":"","site-post-title":"","ast-breadcrumbs-content":"","ast-featured-img":"","footer-sml-layout":"","ast-disable-related-posts":"","theme-transparent-header-meta":"","adv-header-id-meta":"","stick-header-meta":"","header-above-stick-meta":"","header-main-stick-meta":"","header-below-stick-meta":"","astra-migrate-meta-layouts":"set","ast-page-background-enabled":"default","ast-page-background-meta":{"desktop":{"background-color":"var(--ast-global-color-4)","background-image":"","background-repeat":"repeat","background-position":"center center","background-size":"auto","background-attachment":"scroll","background-type":"","background-media":"","overlay-type":"","overlay-color":"","overlay-opacity":"","overlay-gradient":""},"tablet":{"background-color":"","background-image":"","background-repeat":"repeat","background-position":"center center","background-size":"auto","background-attachment":"scroll","background-type":"","background-media":"","overlay-type":"","overlay-color":"","overlay-opacity":"","overlay-gradient":""},"mobile":{"background-color":"","background-image":"","background-repeat":"repeat","background-position":"center center","background-size":"auto","background-attachment":"scroll","background-type":"","background-media":"","overlay-type":"","overlay-color":"","overlay-opacity":"","overlay-gradient":""}},"ast-content-background-meta":{"desktop":{"background-color":"var(--ast-global-color-5)","background-image":"","background-repeat":"repeat","background-position":"center center","background-size":"auto","background-attachment":"scroll","background-type":"","background-media":"","overlay-type":"","overlay-color":"","overlay-opacity":"","overlay-gradient":""},"tablet":{"background-color":"var(--ast-global-color-5)","background-image":"","background-repeat":"repeat","background-position":"center center","background-size":"auto","background-attachment":"scroll","background-type":"","background-media":"","overlay-type":"","overlay-color":"","overlay-opacity":"","overlay-gradient":""},"mobile":{"background-color":"var(--ast-global-color-5)","background-image":"","background-repeat":"repeat","background-position":"center center","background-size":"auto","background-attachment":"scroll","background-type":"","background-media":"","overlay-type":"","overlay-color":"","overlay-opacity":"","overlay-gradient":""}}},"categories":[8,19,10,11],"class_list":["post-1857","map_point","type-map_point","status-publish","has-post-thumbnail","hentry","category-beitrag","category-deutsch","category-erzaehlungen","category-video"],"acf":[],"_links":{"self":[{"href":"https:\/\/www.who-we-are.org\/da\/wp-json\/wp\/v2\/map_point\/1857","targetHints":{"allow":["GET"]}}],"collection":[{"href":"https:\/\/www.who-we-are.org\/da\/wp-json\/wp\/v2\/map_point"}],"about":[{"href":"https:\/\/www.who-we-are.org\/da\/wp-json\/wp\/v2\/types\/map_point"}],"wp:featuredmedia":[{"embeddable":true,"href":"https:\/\/www.who-we-are.org\/da\/wp-json\/wp\/v2\/media\/1859"}],"wp:attachment":[{"href":"https:\/\/www.who-we-are.org\/da\/wp-json\/wp\/v2\/media?parent=1857"}],"wp:term":[{"taxonomy":"category","embeddable":true,"href":"https:\/\/www.who-we-are.org\/da\/wp-json\/wp\/v2\/categories?post=1857"}],"curies":[{"name":"wp","href":"https:\/\/api.w.org\/{rel}","templated":true}]}}

<p><strong>Leif fra Gravenstein (Gråsten) har været en del af det tyske mindretal i Nordslesvig i tolv år. Han har fundet sin egen plads mellem tysk og dansk kultur - som en ung, engageret nordslesviger, der bygger bro.</strong><br><strong>Mellem Tyskland og Danmark</strong></p>



<p>For Leif betyder livet som nordslesviger, at han går på mindretallets skoler og engagerer sig i institutionerne. „For mig er mindretallet en slags tilflugtssted for min identitetsopfattelse, fordi jeg ikke ser mig selv som helt tysk eller helt dansk.“</p>



<p><!--
SEO-Meta-Description (für Yoast/RankMath einfügen):
Leif aus Gravenstein erzählt, wie ihn das Leben in der deutschen Minderheit in Nordschleswig geprägt hat, warum er sich als Nordscheswiger versteht und wie kulturelle Begegnung, Sprache und Engagement seine Identität formen.
--></p>



<article lang="de">
<section id="herkunft">
<p>I lang tid troede han, at man var nødt til at træffe en beslutning. „Men det behøver man ikke, for jeg er en del af mindretallet. Jeg kan altid sige: Jeg er nordslesviger.“</p>
</section>
<section id="institutionen">
<h2>Mindretallets hjerte: Det Tyske Generalsekretariat (Haus Nordschleswig)</h2>
<p>Vi holder til i det Tyske Generalsekretariat i Aabenraa - det tyske mindretals administrative centrum. I huset findes <abbr title="Foreningen af tyske nordslesvigere">BDN</abbr> med dets tilknyttede organisationer, f.eks. <abbr title="Tysk skole- og sprogforening">DSSV</abbr>, <abbr title="Slesvigsk Parti">SP</abbr> og mange andre organisationer. Denne struktur forbinder skoler, kulturarbejde og politik.</p>
</section>
<p data-start="7775" data-end="8061">Leifs hverdag er tosproget. Han taler som regel tysk med vennerne og i skolen, og dansk uden for skolen. Det er ikke en modsætning for ham, men normalitet. En gang om året mødes hele mindretallet på Knivsberg: sport, kultur, socialt samvær - en festival, der gør sammenholdet håndgribeligt.</p>
<p data-start="8063" data-end="8379">Leif er også politisk aktiv. Han er kandidat for Slesvigsk Parti, som varetager det tyske mindretals interesser i kommunerne Sønderborg, Aabenraa, Haderslev og Tønder - og SP har endda en borgmester i Tønder.</p>
<section id="identitaet">
<p>&nbsp;</p>
</section>
</article>



<div class="wp-block-media-text is-stacked-on-mobile is-image-fill-element"><figure class="wp-block-media-text__media"><img fetchpriority="high" decoding="async" width="1024" height="553" src="https://www.who-we-are.org/wp-content/uploads/2025/09/Screenshot-2025-09-22-at-09.29.55-1024x553.png" alt="" class="wp-image-1858 size-full" style="object-position:50% 50%" srcset="https://www.who-we-are.org/wp-content/uploads/2025/09/Screenshot-2025-09-22-at-09.29.55-1024x553.png 1024w, https://www.who-we-are.org/wp-content/uploads/2025/09/Screenshot-2025-09-22-at-09.29.55-300x162.png 300w, https://www.who-we-are.org/wp-content/uploads/2025/09/Screenshot-2025-09-22-at-09.29.55-768x415.png 768w, https://www.who-we-are.org/wp-content/uploads/2025/09/Screenshot-2025-09-22-at-09.29.55-1536x829.png 1536w, https://www.who-we-are.org/wp-content/uploads/2025/09/Screenshot-2025-09-22-at-09.29.55.png 1834w" sizes="(max-width: 1024px) 100vw, 1024px" /></figure><div class="wp-block-media-text__content">
<p>Nogle gange, siger Leif, ser verden dyster ud. „Men hvis man ser på det korte sigt, er situationen faktisk ret god“. Han håber, at folk vil blive bedre til at lytte til hinanden, holde sammen og finde løsninger sammen. Og at det tyske mindretal forbliver, hvad det er: stærkt, levende og støttet af begge sider af grænsen.</p>
</div></div>



<div style="height:100px" aria-hidden="true" class="wp-block-spacer"></div>



<figure class="wp-block-embed is-type-video is-provider-youtube wp-block-embed-youtube wp-embed-aspect-16-9 wp-has-aspect-ratio"><div class="wp-block-embed__wrapper">
<iframe title="Leif aus Gravenstein über das junge Leben in der deutschen Minderheit" width="500" height="281" src="https://www.youtube-nocookie.com/embed/IaUgs8cSct4?feature=oembed" frameborder="0" allow="accelerometer; autoplay; clipboard-write; encrypted-media; gyroscope; picture-in-picture; web-share" referrerpolicy="strict-origin-when-cross-origin" allowfullscreen></iframe>
</div></figure>
